 v(2)?
-3
Let c(t) = -t - 64 - 8*t**2 + 100 - 35 + 3*t**2. Let n be (-2 - -1)*1 + -2. Let g = n - -4. Give c(g).
-5
Suppose c - 7863 - 10784 = -b, -5*b - 18659 = -c. Suppose -8*r + c - 5873 = 0. Let y(g) = g**3 - 3*g**2 - r + 1601 - 4*g - 2*g**2. Give y(5).
-16
Let v(u) = -23 - 2*u + 13 + 61 + 6*u. Calculate v(-11).
7
Let w(t) = t**2 - 9*t + 22. Let o be w(7). Let u(s) = 198*s - 1 - 100*s - 100*s. What is u(o)?
-17
Suppose 2*v + 4*y - 14 = 6*y, v + y = 1. Suppose 2*w + 29 = -v*g + 1, -4*g + 4*w = 40. Let f(k) be the first derivative of k**3/3 + 4*k**2 + 9*k + 3. Give f(g).
9
Let n(r) be the first derivative of -r + 1/2*r**2 + 4/3*r**3 - 41. Let g = -1 - -2. Determine n(g).
4
Suppose -6 = -3911*f + 3912*f. Let d(w) = w**2 + 9*w + 17. Give d(f).
-1
Let i(v) be the third derivative of -v**4/24 + v**3/3 + 20*v**2 - 12*v. Suppose -2*w = 3*w. Suppose w = 5*g + 3*u - 25, 5*u - 20 = u. Determine i(g).
0
Let z(k) = k - 5874 + 2*k**2 + 5878 - k**2 - 4*k**2 - k**3. Let y(j) = -2*j + 10. Let i be y(7). Give z(i).
16
Let a = 5 - 3. Let r be 102/14 - a/7. Let j(o) = -r*o + 18*o**2 - 32*o**2 - 4 + 13*o**2. Determine j(-6).
2
Let r(o) = 2*o**3 - 18*o**2 + 16*o + 8. Let u be 126/63 - (-7 - -1). Calculate r(u).
8
Let i(r) be the second derivative of -r**5/30 + r**4/4 - 7*r**3/6 - 84*r**2 + 5*r + 3. Let w(u) be the first derivative of i(u). Calculate w(3).
-7
Let g(q) = -q**3 - 11*q**2 + 34*q + 472. Let c be g(-9). Let u(l) = -l**2 + 4*l - 2. Calculate u(c).
-2
Let t = -6 + -3. Let u(f) = 8*f**2 - 424 - 6*f**3 + 411 + 7*f**3 + 12*f - 23*f. Determine u(t).
5
Let h(o) be the first derivative of 5*o**3/3 - 5*o**2/2 + 3*o + 2283. Give h(1).
3
Let m be ((-1)/1)/((-4)/20). Let j = 0 - m. Let s(z) be the first derivative of -z**3/3 - 7*z**2/2 - 2*z + 348. Calculate s(j).
8
Let s(r) be the second derivative of -r**6/24 - r**4/24 + 30*r**2 - 2*r - 43. Let h(d) be the first derivative of s(d). Give h(-1).
6
Let y(r) be the third derivative of r**5/60 + r**4/4 - 5*r**3/3 + 9958*r**2. Calculate y(-6).
-10
Let s be 102*(1 + 0)/(-5 + 132/12). Let g(l) = -l**3 + 5*l**2 + 205*l - 24. Determine g(s).
-7
Let m be 3/(-15) + (-128)/160. Let c(y) = -8*y**2 - y - 4. Let v(p) = 16*p**2 + 3*p + 10. Let o(j) = 5*c(j) + 2*v(j). Calculate o(m).
-9
Suppose -7*b + 70 = -3*h, b - 24 = 3*h + 22. Let n(a) = 2*a**2 + 26*a - 32. Give n(h).
-4
Let k(w) = -11*w - 27. Suppose -1 = -5*o + 4*l, 8*o - 6*o - 10 = 4*l. Calculate k(o).
6
Let m(d) = -d**3 + 6*d**2 + 2*d - 6. Let j(o) = 32*o - 762. Let c be j(24). Determine m(c).
6
Suppose 9 = -5*f + 34. Let w be 4*-3*16/(-48). Let y(p) = w*p - 3*p + f + p. Calculate y(-5).
-5
Suppose 2*d + 35 = -5*h - 0*h, 10 = -4*d + 2*h. Let q(l) = 3*l**2 - 2*l - 7. Let w(f) = 3*f**2 - f - 6. Let i(v) = d*w(v) + 4*q(v). Determine i(1).
-4
Suppose 2784*u - 2779*u + 30 = 0. Let n(z) = z**3 + 6*z**2 - 2*z - 4. Determine n(u).
8
Suppose 0 = 2*r - y - 28, 19 = r + 5*y - 3*y. Let i(m) = -m**2 + 10*m + 20. What is i(r)?
-55
Let q(a) = a**3 + 2*a**2 + a + 7. Let z = 30 + -33. Let b be q(z). Let w(k) be the second derivative of -k**3/6 + 5*k**2/2 + 22*k. Determine w(b).
10
Let y be 12/(-16)*(20 - 8). Let c(h) = -5*h - 51. Calculate c(y).
-6
Let o be 6*(2 + 6/(-4)). Suppose j - o = -t, -3*t = t - 3*j + 23. Let f(p) = 1294*p + 2*p**2 + 2 - 1521*p + p**2 + 231*p. Calculate f(t).
6
Let y(b) = 1. Let u(d) = d - 8. Let r(q) = -u(q) - 6*y(q). Let v = 165 + 133. Let n = v + -292. Give r(n).
-4
Suppose 6 = -4*u + 9*h + 117, -108 = -5*u + h. Let c(b) = -b**2 + 22*b - 19. What is c(u)?
2
Suppose 0 = q + 2*g, 3*g - 2*g = -2. Suppose -k - 2 = -q*b - 3*k, 3*b - 14 = k. Let l(u) = b*u**2 - u - 2*u**2 - 2*u + 2*u + 1. What is l(2)?
3
Let x(n) = n**3 - 17*n**2 + 30*n - 17. Let g be 41 + (-10200)/250 - (0 + 74/(-5)). Give x(g).
-17
Let l(q) = 50*q - 21. Let g(m) = 29*m - 9. Let c(w) = 5*g(w) - 3*l(w). Calculate c(2).
8
Let f(r) be the second derivative of -r**5/20 - r**4/4 - 2*r**3/3 - 3*r**2/2 - 3*r + 121. Let m = -12 - -9. Give f(m).
9
Let f(s) be the third derivative of s**6/120 + s**5/4 + s**4/12 + 43*s**3/6 - s**2 + 772. Give f(-15).
13
Let k(r) = -34529*r - 64*r**2 - 1 + 34529*r. Determine k(-1).
-65
Let j(i) = -337 - 2*i + 143 + 196. What is j(3)?
-4
Let d(x) be the first derivative of 3*x**2/2 + 2*x + 8. Let z(w) = w + 1. Let o(g) = -3*d(g) + 4*z(g). What is o(-2)?
8
Let r(g) = -8*g + 2. Suppose 200*q = -184 - 16. Give r(q).
10
Let b(w) = 40*w - 121*w + 2 + 19*w + 32*w + 34*w. Let u(q) = 2*q - 8. Let g be u(5). What is b(g)?
10
Let p(g) = 29*g - 12*g - 23*g + 4 + 0 + 9*g. Determine p(-10).
-26
Let q(t) = 260*t - 86*t - 90*t - 83*t + 14. Calculate q(-27).
-13
Let u(y) = -y**3 - 9*y**2 - 9*y - 14. Let z be u(-8). Let h(c) be the first derivative of 3*c + 4*c**2 + 15 + 1/3*c**3. Determine h(z).
-9
Let k(i) = 3*i - 1224. Let c(p) = p - 242. Let a(s) = 21*c(s) - 4*k(s). What is a(18)?
-24
Suppose 10 = s + 6. Let r(h) = -2 + s*h - 18*h + 13*h + 8*h. Let x = 25 - 23. Determine r(x).
12
Let y(u) = u**3 - u**2 + 5*u + 23. Let k(h) = -h**3 - 6*h**2 - h - 1. Let o(q) = -2*k(q) - y(q). Determine o(-13).
18
Let j be (-1)/(-4) + 7367/212. Suppose 492*r - 497*r - j = 0. Let a(w) = -w**2 - 7*w - 10. Calculate a(r).
-10
Let c(m) = 5*m**3 + 7*m**2 + 30*m + 17. Let s = -57 - -64. Let j(g) = 2*g**3 + 4*g**2 + 14*g + 8. Let b(n) = s*j(n) - 3*c(n). Give b(8).
5
Let o(k) = -2*k**2 + 66*k - 10. Suppose -460*d + 467*d - 94 - 137 = 0. Give o(d).
-10
Let q(c) be the first derivative of 5*c - 75 + 1/2*c**2. Let i = 0 - -4. Determine q(i).
9
Let r(t) be the second derivative of -t**5/20 - t**4/12 + t**2/2 - 42*t. Let u(f) = 2*f**2 - 4*f + 2. Let j be u(2). Let n be (32/(-144))/(j/(-18)). Give r(n).
-11
Suppose -5*p - 5*v + 26940 = 0, -5396 = 5*p - 6*p - 5*v. Let r(j) = j**2 + 5 - p*j - 8 + 5388*j. Let m = 2 + -5. What is r(m)?
0
Let a(r) = -r**3 + 6*r**2 - 3*r. Suppose 16 + 36 = 4*s. Let v be s - 2/4*-6. Let j(o) = -o + 21. Let i be j(v). Determine a(i).
10
Let i(k) = -k**2 - 4*k + 1. Suppose 19*a - 2150 = 928. Let z = 159 - a. What is i(z)?
4
Suppose 2*t + 6 + 5 = -5*p, -t + 3*p + 22 = 0. Let f(d) = 161 - 161 - t*d - d. Calculate f(1).
-8
Let g(k) = 34*k + 3396. Let c be g(-100). Let h(v) = 40*v + 149. What is h(c)?
-11
Let b(s) = 9*s**3 - 24*s**2 - 11*s - 11. Let m(d) = -2*d**3 + 3*d**2 + 1. Let u(c) = b(c) + 5*m(c). Let w be (16/6)/((-1)/3). Determine u(w).
18
Let l(q) = -119*q + 5. Let i(a) = 29*a. Let h(d) = 20*i(d) + 5*l(d). Calculate h(-2).
55
Let j(t) be the third derivative of t**5/60 - t**4/2 - 8*t**3 + 10025*t**2. Give j(16).
16
Suppose 3*n - 4*o = 2, 2651*o = 2655*o - 16. Let l(d) = -3*d + 38. What is l(n)?
20
Let k(v) = -6*v**2 + 8 + 38*v**2 - 4*v + v**3 - 19*v**2 - 8*v**2. Suppose -4*y - 30 = y. Give k(y).
-4
Let y(d) = -112*d - 447. Suppose 3510*m = 3531*m + 84. Give y(m).
1
Let l(u) = -13*u - 154. Suppose -54 = 4*m - g, -3*m - 14 - 17 = 4*g. Calculate l(m).
15
Let a(r) = -r**2 - 11*r - 12. Suppose -22*f + 17*f + 55 = 0. Suppose f - 1 = 5*w. Suppose -3*b = h, w*h - 4*b + 24 = -2*b. What is a(h)?
6
Let g(t) = 8*t**2 - 6*t. Let z be g(-3). Suppose -4*p + z = -2*n, -55 = 2*n - p + 4*p. Let f = -34 - n. Let q(k) = 9*k - 1. Calculate q(f).
8
Suppose 11*w + 18*w = -1201 + 824. Let k(c) = -c**2 - 15*c + 58. Calculate k(w).
84
Let r(z) be the first derivative of 0*z**2 - 1 + z - 1/3*z**3 + 1/2*z**4. Let f(m) = 2*m**3 + 41*m**2 + 208*m + 63. Let k be f(-8). Determine r(k).
-2
Let l(y) = -7*y**3 + 6*y**2 + 2*y. Let a(r) = 10*r**3 - 7*r**2 + 2. Let i(q) = 2*a(q) + 3*l(q). Calculate i(5).
9
Let a(x) be the third derivative of 11*x**6/24 - x**5/12 + 17*x**3/6 + 4*x**2 - 29. Let f(k) = -82*k**3 + 7*k**2 - 24. Let v(q) = -7*a(q) - 5*f(q). Give v(-1).
-24
Suppose 167*a = 164*a - 2772. Let k be (((-12)/(-7))/(-3))/(88/a). Let j(b) = 6*b - 9. What is j(k)?
27
Let q(l) = 6 + 5*l + 9 - 5 - 6*l + 8. What is q(8)?
10
Let v(y) = -273 - y - 4*y + 4*y + 6*y + 275. What is v(4)?
22
Let y = 25310 + -25326. Let p(z) = -2*z**2 - 36*z - 66. What is p(y)?
-2
Let c be ((-8)/6)/(-4*(-8)/(-2208)). Let y = c - 94. Let a(s) = -s - 1. Give a(y).
1
Let g(i) = 2 + 15*i - 32 + 74 + i**2 - 22. What is g(-15)?
22
Let l(z) be the third derivative of -z - 1/3*z**3 - 5*z**2 + 3/8*z**4 + 0 - 1/60*z**5. What is l(9)?
-2
Let c(n) = n + 1. Let d